
5
Let k(y) be the third derivative of -y**4/8 + 3*y**2. Let x(g) = 20*g - 139. Let m(o) = -o + 5. Let n be m(-2). Let d be x(n). What is k(d)?
-3
Let l(h) = 181*h**2 - 192*h - 27 + 194*h - 178*h**2. Give l(-7).
106
Let z(g) = -3*g - 3. Let b(n) = -n + 2. Let t be b(2). Let q = -1098 + 1094. Let v = q + t. Determine z(v).
9
Let w(a) = a - 6. Let u be w(8). Let b(n) = 9*n + 0*n + 3*n + 2*n + 7*n**u - 12*n. Give b(2).
32
Let w(r) be the third derivative of 0 + 75*r**2 - 5/24*r**4 - 5/6*r**3 + 0*r - 1/10*r**5. Give w(-2).
-19
Suppose 34*q + 148 = 42*q + 12. Let h(s) = -s**3 + 17*s**2 - 3*s + 18. What is h(q)?
-33
Let s(c) = -10*c + 4. Let w(a) = -3*a**2 + 24*a + 81. Let d(v) = -v**2 + 12*v + 40. Let x(y) = -5*d(y) + 2*w(y). Let i be x(-5). Give s(i).
34
Let l(u) = 4*u**2 + 6*u + 10. Let n = 138 + -88. Let y(o) = 5*o**2 + 5*o + 95 - n - 34. Let s(v) = 4*l(v) - 3*y(v). Determine s(-5).
-13
Let t(a) be the second derivative of 8*a**3/3 + 39*a**2 - 75*a + 36. Give t(-5).
-2
Let a be (10 - 246/24)/(3/(-24)). Let w(f) be the second derivative of 0 - a*f - 5/2*f**2 - 5/12*f**4 + 1/20*f**5 - f**3. Give w(6).
-5
Let l be 2/(-3)*3 - -15. Let z(s) = -s**2 + 10*s + 7. What is z(l)?
-32
Let r be (-8)/(-2) - (-38 + 31). Let s(m) = 2*m + 1. Determine s(r).
23
Let l(n) = -2*n - 115. Let y(i) = -i**3 - 24*i**2 - 39*i - 966. Let b be y(-24). Give l(b).
-55
Suppose -167*f = -39*f - 1920. Let a(b) = 3*b - 65. Determine a(f).
-20
Let b(y) = y**2 - 5*y + 6. Suppose -6*p - 133 = -193. Suppose -6*n - h - 17 = -p*n, -5*h + 10 = -n. What is b(n)?
6
Let l = -5386 + 5388. Let x(f) be the first derivative of f**l + 9*f - 11 - 2*f**3 - 1/4*f**4. What is x(-6)?
-3
Let d(l) be the first derivative of -11*l**2/2 - 34*l - 1101. Calculate d(-5).
21
Let o = 4949 - 4955. Let c(u) = 5*u + 11. What is c(o)?
-19
Let y(m) = -2*m**2 + 25*m - 32. Let x(r) be the first derivative of r**3/3 - 6*r**2 + 15*r - 60. Let g(w) = -13*x(w) - 6*y(w). Calculate g(4).
5
Let h be (-4 - -16)*3/12. Suppose -4*x - 17 = -v, -v - h*x - 6 = 12. Let j(u) = u - 3. Let m(y) = 2. Let o(t) = -3*j(t) - 4*m(t). What is o(v)?
10
Let n(v) = -v**3 + 42*v**2 + v - 41. Let x(b) = -b**3 + 8*b**2 + b + 34. Let a be x(8). Determine n(a).
1
Let x(a) = 2*a + 5. Suppose 4*j + 5*r + 121 = 0, 3*r = -2*j + 3*j + 43. Suppose -4*d - 156 = -3*q, 2*d + 0*q = 4*q - 78. Let i = d - j. What is x(i)?
-5
Suppose -132 = 5*z + 6*z. Let d be z/30 + (-37)/(-5) + 1. Let i(n) = d*n - 8*n**3 + 7*n**3 - 3 + 8*n**2 - 3*n**2. What is i(6)?
9
Let d(u) = -6*u - 5*u + 3*u + 9 + 7*u. Let t(v) = 4*v - 28. Let c(s) = -7*d(s) - 2*t(s). What is c(-6)?
-1
Suppose 54 = -z + 58. Suppose -7*r = -z*r - 6. Let p(c) = 16*c**2 - 26*c**2 + 3*c + 8*c**r + 3 - c. Give p(3).
-9
Let m be ((-14)/7*-7)/(-31 - -33). Let h(q) = -2*q**3 + 12*q**2 + 16*q - 3. What is h(m)?
11
Let b(o) = 19*o**2 + 2*o - 1. Let a(h) = -h**3 - h**2 - 2*h - 58. Let x be a(0). Let j = x + 55. Let f be 9/12 + j/(-12). Give b(f).
20
Let d(g) = -29*g**3 - 8*g**2 + 9*g - 6. Let h(q) = 24*q**3 + 8*q**2 - 8*q + 5. Let b(v) = 5*d(v) + 6*h(v). Determine b(4).
52
Let c(j) = j**3 + 9*j**2 + 9*j - 5. Suppose 97*y + 272 = 63*y. What is c(y)?
-13
Let x be ((-7)/(-14))/(2/(-8)). Let v(w) be the second derivative of 2*w**4/3 + w**3/2 + w**2 + 3*w + 416. Determine v(x).
28
Let x(q) = 3*q**3 + q**2 + 13*q - 13. Let b be x(1). Suppose -b*d + 13 = p, 4*d + 2*p - 3*p - 11 = 0. Let j(f) = 5*f - 4. Determine j(d).
11
Suppose -4*z + 13 = 4*t - z, 2*t - 4*z - 12 = 0. Suppose 0 = -t*c + 10*c - 24. Suppose -k + 4*k = -9, 4*d = -c*k - 24. Let h(r) = -2*r + 4. Determine h(d).
10
Let d(m) be the third derivative of -m**7/2520 - m**6/180 - m**5/30 + 47*m**4/24 - 345*m**2. Let w(q) be the second derivative of d(q). Calculate w(0).
-4
Let v(i) be the second derivative of i**5/20 - i**2/2 - i. Let f(h) = 2*h**2 + 154*h + 717. Let c be f(-5). Determine v(c).
-28
Let x(u) = -u**2 + 6*u + 5. Let b be (-11)/7 + 2 - (-36)/14. Let y be (-3)/6*-20 - b. What is x(y)?
-2
Let m(u) = u**3 + 21*u**2 + 98*u + 2. Let y be m(-14). Suppose -7 = 4*t - 5*t. Let q(i) = 2*i - t*i + i**2 - y*i**2 - 2. Give q(-4).
2
Suppose -5*i = -i - 16. Suppose -r + 5*r = 8. Let v(g) = 13 + 5*g**r + i*g**2 + 11*g + g**3 - 7 - 2*g. Calculate v(-8).
-2
Suppose -971 = -6*m - 5. Let h(b) = b + m + 157 - 321. What is h(-2)?
-5
Suppose x - 18 = -5*x. Suppose -x*z = -6*z + 87. Suppose 0 = 3*y + 2*r + 2, 2*y + z - 1 = 4*r. Let q(k) = 2*k + 1. Give q(y).
-7
Suppose -28*v = -10*v - 2682. Let n(y) = 6*y + 304 - 158 - v. Give n(-3).
-21
Let p = 5041 - 5052. Let i(z) = z**2 + 13*z + 6. What is i(p)?
-16
Let s(b) be the first derivative of -b**4/4 - 7*b**3/3 - 3*b**2/2 + 9*b + 348. Determine s(-5).
-26
Let w = -26622 + 79867/3. Let g(s) be the first derivative of -23*s - 1/4*s**4 + 1/2*s**2 + 15 - w*s**3. Determine g(0).
-23
Let o(f) = 18340*f - 36704*f + 18351*f - 114. Determine o(-7).
-23
Let f(y) = 15*y + 11. Let a(d) = -15*d - 27*d + 29*d - 1 - 9. Let v(r) = 7*a(r) + 6*f(r). Let j(n) = -n**3 - 4*n**2 + 6*n + 2. Let w be j(-5). What is v(w)?
-1
Let f(j) = 10*j**3 + 5*j**2 - 8*j + 12. Let p(k) = -17*k**3 - 9*k**2 + 16*k - 21. Let y(v) = -5*f(v) - 3*p(v). Determine y(3).
24
Let p(a) = 0 + 372*a**2 - 128*a**2 - 2*a - 121*a**2 - 122*a**2 - 5. Determine p(3).
-2
Let l(s) = s**2 - 12*s + 6. Suppose 137 = 20*w - 103. Let d(q) = 6*q + 1. Let n be d(1). Suppose 0 = w*b - n*b - 55. Calculate l(b).
-5
Suppose 6*v + 70 + 20 = 0. Let r(n) = -3*n - 2. Let t(d) = d. Let f(i) = -19*i - 15. Let z(c) = f(c) - 2*t(c). Let l(u) = v*r(u) + 2*z(u). Calculate l(-3).
-9
Let i(z) = 6*z**2 + 10*z**2 - 21*z**2 + 3*z**2 - 30*z + 38*z + 7. Determine i(4).
7
Let v(m) be the second derivative of -m**4/4 - 7*m**3/2 + 5*m**2 - 188*m - 2. Give v(-8).
-14
Let h(v) be the second derivative of -v**3/6 + v**2/2 - v. Let k(u) = -44*u + 311. Let d be k(7). Suppose d*m = 0, -b = -5*m - 27 + 33. Determine h(b).
7
Let r = 756 + -761. Let v(d) = d**3 + d**2. Let k = 0 + 1. Let t(x) = 6*x**3 + 4*x**2 + x - 1. Let n(g) = k*t(g) + r*v(g). Give n(0).
-1
Let s(q) = 6*q. Suppose 0 = -5*o - 48 + 133. Let w be (3/(-2))/(9/(-24)). Suppose -w = -13*x + o*x. What is s(x)?
-6
Let x(q) be the third derivative of -q**6/120 + q**4/24 + q**3/3 + 9*q**2. Let g(b) = -551*b - 3308. Let c be g(-6). Give x(c).
8
Let v = -150 + 143. Let p(j) be the third derivative of j**6/120 + 7*j**5/60 + j**4/4 + 5*j**3/3 - 544*j**2. What is p(v)?
-32
Let r(v) be the third derivative of v**5/60 + 7*v**4/24 - 9*v**3/2 + 609*v**2. Determine r(-9).
-9
Let k(h) = 5*h**2 + 8*h - 233 + 244 - 8*h**2. Give k(4).
-5
Suppose 45*z = -77*z + 4392. Let d(k) = -k**3 + 37*k**2 - 35*k - 41. What is d(z)?
-5
Let l = 4233 + -4231. Let a(g) be the third derivative of 1/120*g**6 - 1/30*g**5 - 3*g**l + 1/24*g**4 + 0 + 0*g**3 + 0*g. Give a(2).
2
Let c be (-13 - (1 + -14))/2. Let n(u) be the third derivative of 1/3*u**3 + c*u + 0 + 4*u**2 + 1/3*u**4. Determine n(-2).
-14
Let f(g) = -13*g + 168. Let q(h) = -h**3 - 9*h**2 - 18*h + 13. Let t be q(-6). Give f(t).
-1
Let b(j) be the second derivative of j**4/12 - 5*j**3/6 + j. Suppose -12 = 4*t + 5*u + 39, 0 = 3*t + u + 41. Let h be 10/(((-455)/t)/13). Calculate b(h).
-4
Let c(k) = -14*k - 548. Let v(o) = -14*o - 438. Let s(b) = 8*c(b) - 10*v(b). Calculate s(2).
52
Let w(h) = h - 1. Let g(b) = 4*b + 11. Let k(r) = -g(r) + 5*w(r). Suppose 4*x = 5*j + 68, -4*x - 431*j + 44 = -430*j. Give k(x).
-4
Let y(o) = 3*o**2 + 48*o + 7. Let r(n) = n**2 + 29*n. Let k(c) = 2*r(c) - y(c). Calculate k(9).
2
Suppose -16*g = -98*g - 410. Let c(h) be the third derivative of h**4/12 - h**3/6 - 4*h**2. What is c(g)?
-11
Let q(h) = -h**2 - 10*h + 92. Let z be q(-16). Let n(t) = 2*t**3 + 9*t**2 + 5*t + 10. What is n(z)?
6
Let b = 123 - 119. Let q(r) = -2*r - 3. Let i be q(-2). Let u be i + (1 - (b + -1)). Let x(a) = -11*a**3 + 2*a**2 + a. What is x(u)?
12
Let v(k) = -3 + 17 - 7 + 21*k - 17*k - 5. Let b be (-1)/1*1*-5. Suppose -5*s - 3*x - 18 = 0, -2*s - 2*s + b*x = 7. Calculate v(s).
-10
Suppose 3*u + 17 = w, 9*u = 5*w + 14*u + 15. Let s(j) = -10*j + 4*j**2 - 3*j**2 + j**w + 0*j**2 + 3 + 12*j. Calculate s(-3).
15
Let k(x) = x**3 + 32*x**2 - 69*x - 35. Let w be -26 - ((-138)/(-17) + 84/(-714)). What is k(w)?
-1
Let n(c) = -2*c**3 - 150*c - 134*c - c